{"id":12864,"date":"2015-07-03T09:24:27","date_gmt":"2015-07-03T07:24:27","guid":{"rendered":"https:\/\/pylone24.de\/?page_id=12864"},"modified":"2016-11-09T15:29:45","modified_gmt":"2016-11-09T14:29:45","slug":"s5-einfach-pylonauswahl-fertige-layoutskizzen","status":"publish","type":"page","link":"https:\/\/pylone24.de\/?page_id=12864","title":{"rendered":"S5 Einfach Pylonauswahl fertige Layoutskizzen"},"content":{"rendered":"<p>Pylone lassen sich in nahezu allen erdenklichen Formen und Formaten bauen.<br \/>\nDie Pylonformen und Klassiker haben wir in 8 Varianten unterteilt,<br \/>\ndie wiederum wahlweise mit eckigen oder runden Standrohren hergestellt<br \/>\nwerden k\u00f6nnen.<br \/>\nNat\u00fcrlich gibt es auch andere Varianten,<br \/>\naber die Vergangenheit hat gezeigt, das die von pylone24.de vorgeschlagenen<br \/>\nVarianten in den meisten F\u00e4llen v\u00f6llig ausreichend sind.<br \/>\nDurch die Betitelung der m\u00f6glichen Ausf\u00fchrungsvarianten finden<br \/>\nwir zu Ihnen, egal ob Wiederverk\u00e4ufer oder Endkunde, eine einheitliche<br \/>\nGespr\u00e4chsbasis f\u00fcr die weitere Planung und Ausf\u00fchrung.<\/p>\n<p><strong>Sonderl\u00f6sungen sind selbstverst\u00e4ndlich auch kein Problem,<\/strong><br \/>\n<strong> pylone24 baut auch gerne Ihre Sonderl\u00f6sungen!<\/strong><\/p>\n<p>Die Stands\u00e4ulen des Pylones k\u00f6nnen als grafisches Element<br \/>\nmit in dem Pylondesign einfliessen, oder wir verstecken die Standbeine<br \/>\ndes Pylones im Inneren des Pylones, nicht sichtbar.<\/p>\n<p>Am besten beschreiben Sie kurz was Sie sich w\u00fcnschen,<br \/>\ngerne auch mit Skizze, senden Sie uns <a title=\"Beschreiben Sie uns Ihre Anfrage.\" href=\"mailto:info@pylone24.de\"><strong>Ihre mail<\/strong><\/a>, wir antworten sofort!<\/p>\n","protected":false},"excerpt":{"rendered":"<p>Pylone lassen sich in nahezu allen erdenklichen Formen und Formaten bauen. Die Pylonformen und Klassiker haben wir in 8 Varianten [&hellip;]<\/p>\n","protected":false},"author":1,"featured_media":0,"parent":0,"menu_order":0,"comment_status":"closed","ping_status":"closed","template":"","meta":{"_links_to":"","_links_to_target":""},"_links":{"self":[{"href":"https:\/\/pylone24.de\/index.php?rest_route=\/wp\/v2\/pages\/12864"}],"collection":[{"href":"https:\/\/pylone24.de\/index.php?rest_route=\/wp\/v2\/pages"}],"about":[{"href":"https:\/\/pylone24.de\/index.php?rest_route=\/wp\/v2\/types\/page"}],"author":[{"embeddable":true,"href":"https:\/\/pylone24.de\/index.php?rest_route=\/wp\/v2\/users\/1"}],"replies":[{"embeddable":true,"href":"https:\/\/pylone24.de\/index.php?rest_route=%2Fwp%2Fv2%2Fcomments&post=12864"}],"version-history":[{"count":4,"href":"https:\/\/pylone24.de\/index.php?rest_route=\/wp\/v2\/pages\/12864\/revisions"}],"predecessor-version":[{"id":13637,"href":"https:\/\/pylone24.de\/index.php?rest_route=\/wp\/v2\/pages\/12864\/revisions\/13637"}],"wp:attachment":[{"href":"https:\/\/pylone24.de\/index.php?rest_route=%2Fwp%2Fv2%2Fmedia&parent=12864"}],"curies":[{"name":"wp","href":"https:\/\/api.w.org\/{rel}","templated":true}]}}