{"id":6677,"date":"2014-01-28T14:55:48","date_gmt":"2014-01-28T13:55:48","guid":{"rendered":"https:\/\/pylone24.de\/?page_id=6677"},"modified":"2016-11-24T12:56:32","modified_gmt":"2016-11-24T11:56:32","slug":"dreieck-pylone-2","status":"publish","type":"page","link":"https:\/\/pylone24.de\/?page_id=6677","title":{"rendered":"Dreieck-Pylone"},"content":{"rendered":"<p>Ihren Pylon-Typ und Ihren Pylon-Preis finden Sie am schnellsten wie folgt:<\/p>\n<p><strong>1) W\u00e4hlen Sie zuerst die Pylon-Breite und dann die Pylon-H\u00f6he.<\/strong><br \/>\nDie jeweiligen Pylonbreiten sind bis<br \/>\nB100 cm, B125cm, B150cm, B200cm und B300cm.<br \/>\nBei geringeren Zwischenma\u00dfen z\u00e4hlt immer der n\u00e4chst breitere Pylon.<br \/>\n(z.B. bei gew\u00fcnschter Breite von B90 cm ist der PylonTyp B100 cm zu w\u00e4hlen,<br \/>\noder bei gew\u00fcnschter Breite von B140 cm ist der PylonTyp B150 cm zu w\u00e4hlen).<\/p>\n<p><strong>2)<\/strong> Egal ob Sie einen beleuchteten oder unbeleuchteten Pylontyp m\u00f6chten,<br \/>\n<strong>w\u00e4hlen Sie dann die Pylongr\u00f6\u00dfe<\/strong> aus und legen diesen Pylon dann in den Warenkorb.<\/p>\n<p><strong>3) W\u00e4hlen Sie dann die Beschriftungsform und die Beschriftungsmenge<\/strong>.<br \/>\nDie Beschriftungsform unterteilen wir in 3 Arten auf:<br \/>\n<strong>a) Bedruckung ganzfl\u00e4chig<\/strong> bis 4c Druck von Ihrer Datei auf wetterfester Hochleistungsfolie mit Schutzlaminat<br \/>\n<strong>b) Folienplottbeschriftung mit Einzel Buchstaben<\/strong>, bis 40% oder von 41 bis 80 % Fl\u00e4chenanteil<br \/>\n<strong>c) gelaserte Beschriftung\u00a0mit durchgesteckten, kantenpolierten Acryl-Einzelbuchstaben<\/strong>, bis 40% oder von 41 bis 80 % Fl\u00e4chenanteil.<\/p>\n<p><strong>Wir unterteilen die Menge der Beschriftung in 3 Gr\u00f6\u00dfenanteilen auf:<\/strong><br \/>\na) wenig Beschriftung, also nur Logo oder nur wenig Text.<br \/>\nb) Textanteil deutlich \u00fcber 20 % oder \u00fcber 20 Buchstaben, bis maximal 40% der Beschriftungsfl\u00e4che.<br \/>\nc) Textanteil deutlich \u00fcber 41 % der Beschriftungsfl\u00e4che bis ca. 80% Fl\u00e4chenanteil.<br \/>\nSofern Sie bereits ein Layout oder einen grafsichen Entwurf von Ihrem Pylon-Wunsch haben,\u00a0sollten Sie uns diesen <a title=\"Mailen Sie uns Ihren Pylonentwurf zu.\" href=\"maito:info@pylone24.de\" target=\"_blank\"><strong>zumailen<\/strong>.<\/a><br \/>\nWir helfen gerne bei der Pylonoptimierung und der Preisfindung.<\/p>\n<p><strong>4) W\u00e4hlen Sie dann die Front aus.<\/strong>\u00a0Sofern es eine besonders in RAL- farblackierte Front oder eine aus\u00a0V2A Edelstahl geschliffene Front sein soll. Standardm\u00e4ssig werden die Pylone mit weissen Aluverbundtafeln ausgestattet oder bei Auswahl 4c mit Beschriftung entsprechend bedruckt \/ mit Hochleistungsfolien kaschiert.<\/p>\n<p><strong>5) Sollen die senkrechten Standpfosten in RAL lackiert sein oder Alu \/ bzw. verzinkt natur?\u00a0<\/strong>Sie w\u00e4hlen.<\/p>\n<p><strong>6) Sollen wir mit oder ohne Fundament und Montage den Pylon liefern?<\/strong><br \/>\nSie haben die Wahl.<\/p>\n<p><strong>Nun zum Thema Beleuchtung:<\/strong><br \/>\nAlle unsere Pylone lassen sich beleuchten, anstrahlen oder mit Leuchttransparenten ausstatten.<br \/>\nDie Leuchttransparente bieten wir wahlweise mit Acrylhauben oder in Spanntuchtechnik an.<br \/>\n<strong>Alle Preise die unter beleuchtete Pylone angeben sind, sind Aufpreise<\/strong> und jeweils<br \/>\nincl. Beleuchtung, also incl. kompletter Vorinstallation.<br \/>\nAuch die gelaserten, ausgeschnitten Schriften sind bei den beleuchteten Pylonen hinterleuchtet.<\/p>\n<p>Die Beleuchtungspreise beziehen sich jeweils auf die Pylonbreite und Pylongr\u00f6\u00dfe.<\/p>\n","protected":false},"excerpt":{"rendered":"<p>Ihren Pylon-Typ und Ihren Pylon-Preis finden Sie am schnellsten wie folgt: 1) W\u00e4hlen Sie zuerst die Pylon-Breite und dann die [&hellip;]<\/p>\n","protected":false},"author":1,"featured_media":0,"parent":0,"menu_order":0,"comment_status":"closed","ping_status":"closed","template":"","meta":{"_links_to":"","_links_to_target":""},"_links":{"self":[{"href":"https:\/\/pylone24.de\/index.php?rest_route=\/wp\/v2\/pages\/6677"}],"collection":[{"href":"https:\/\/pylone24.de\/index.php?rest_route=\/wp\/v2\/pages"}],"about":[{"href":"https:\/\/pylone24.de\/index.php?rest_route=\/wp\/v2\/types\/page"}],"author":[{"embeddable":true,"href":"https:\/\/pylone24.de\/index.php?rest_route=\/wp\/v2\/users\/1"}],"replies":[{"embeddable":true,"href":"https:\/\/pylone24.de\/index.php?rest_route=%2Fwp%2Fv2%2Fcomments&post=6677"}],"version-history":[{"count":2,"href":"https:\/\/pylone24.de\/index.php?rest_route=\/wp\/v2\/pages\/6677\/revisions"}],"predecessor-version":[{"id":13709,"href":"https:\/\/pylone24.de\/index.php?rest_route=\/wp\/v2\/pages\/6677\/revisions\/13709"}],"wp:attachment":[{"href":"https:\/\/pylone24.de\/index.php?rest_route=%2Fwp%2Fv2%2Fmedia&parent=6677"}],"curies":[{"name":"wp","href":"https:\/\/api.w.org\/{rel}","templated":true}]}}