{"id":6683,"date":"2014-01-28T15:00:53","date_gmt":"2014-01-28T14:00:53","guid":{"rendered":"https:\/\/pylone24.de\/?page_id=6683"},"modified":"2016-05-19T11:47:22","modified_gmt":"2016-05-19T09:47:22","slug":"dreieck-viereck-pylone","status":"publish","type":"page","link":"https:\/\/pylone24.de\/?page_id=6683","title":{"rendered":"Dreieck \/ Viereck Pylone"},"content":{"rendered":"<p>Pylone sind in der Regel 2-seitig, somit Vorder- und R\u00fcckseite.<br \/>\nAber warum nicht auch 3-seitig und 4-seitige Pylone bauen, denn an manchen Standorten<br \/>\nl\u00e4st sich die Werbefl\u00e4che aus meheren Blickwinkeln gut betrachten, so das man auf die 3te und 4te Werbefl\u00e4che nicht verzichten m\u00f6chte.<\/p>\n<p>Mehrseitige Pylone haben den Vorteil, das diese sehr markant wirken und auch gerade bei h\u00f6heren Werbepylonen eine solide Standfestigkeit bieten. Geben Sie uns einfach Ihre Wunschbreite der jeweiligen Werbefl\u00e4che bekannt, wir produzieren jedes Format! in jeder H\u00f6he.<\/p>\n<p>Die Innenkonstruktion wird je nach Statik aus Aluminium oder verzinkten Stahl produziert, die Werbefl\u00e4chen erhalten Sie aus einem weissem Grundmaterial wie Aluverbund, welches sich hervorragend gut beschriften l\u00e4st, oder lackiert oder aus Edelstahl&#8230; . Ihren Gestaltungsideen sind keine Grenzen gesetzt.<br \/>\nOb beleuchtet oder unbeleuchtet k\u00f6nnen Sie <a title=\"Pylone mit Beleuchtung\" href=\"https:\/\/pylone24.de\/?page_id=6690\" target=\"_blank\"><strong>hier<\/strong><\/a> nachlesen.<\/p>\n","protected":false},"excerpt":{"rendered":"<p>Pylone sind in der Regel 2-seitig, somit Vorder- und R\u00fcckseite. Aber warum nicht auch 3-seitig und 4-seitige Pylone bauen, denn [&hellip;]<\/p>\n","protected":false},"author":1,"featured_media":0,"parent":0,"menu_order":0,"comment_status":"closed","ping_status":"closed","template":"","meta":{"_links_to":"","_links_to_target":""},"_links":{"self":[{"href":"https:\/\/pylone24.de\/index.php?rest_route=\/wp\/v2\/pages\/6683"}],"collection":[{"href":"https:\/\/pylone24.de\/index.php?rest_route=\/wp\/v2\/pages"}],"about":[{"href":"https:\/\/pylone24.de\/index.php?rest_route=\/wp\/v2\/types\/page"}],"author":[{"embeddable":true,"href":"https:\/\/pylone24.de\/index.php?rest_route=\/wp\/v2\/users\/1"}],"replies":[{"embeddable":true,"href":"https:\/\/pylone24.de\/index.php?rest_route=%2Fwp%2Fv2%2Fcomments&post=6683"}],"version-history":[{"count":3,"href":"https:\/\/pylone24.de\/index.php?rest_route=\/wp\/v2\/pages\/6683\/revisions"}],"predecessor-version":[{"id":6710,"href":"https:\/\/pylone24.de\/index.php?rest_route=\/wp\/v2\/pages\/6683\/revisions\/6710"}],"wp:attachment":[{"href":"https:\/\/pylone24.de\/index.php?rest_route=%2Fwp%2Fv2%2Fmedia&parent=6683"}],"curies":[{"name":"wp","href":"https:\/\/api.w.org\/{rel}","templated":true}]}}