{"id":13049,"date":"2015-09-02T12:20:29","date_gmt":"2015-09-02T10:20:29","guid":{"rendered":"https:\/\/pylone24.de\/?post_type=product&#038;p=13049"},"modified":"2016-11-09T17:56:36","modified_gmt":"2016-11-09T16:56:36","slug":"p12-aufpreise-nur-fahrzeuge-anhaenger-km-fahrer","status":"publish","type":"product","link":"https:\/\/pylone24.de\/?product=p12-aufpreise-nur-fahrzeuge-anhaenger-km-fahrer","title":{"rendered":"P12: Aufpreise nur Fahrzeuge, Anh\u00e4nger, KM, Fahrer"},"content":{"rendered":"<p>F\u00fcr besondere Montageeins\u00e4tze kann spezielles Equipement notwendig sein.<br \/>\nIhre Division hat einen gro\u00dfen Fahrzeugpark, auch mit Anh\u00e4ngern, Transportern und LKW&#8217;s. Vermietungsdienstleister erm\u00f6glichen den Divisionen zus\u00e4tzlich bundesweit attraktive Konditionen, die wir an DivisionsKunden hier weitergeben k\u00f6nnen.<br \/>\nW\u00e4hlen Sie das notwendige Fahrzeug und den ggf. notwendigen Transportanh\u00e4nger. Auch die Lohnkosten f\u00fcr Fahrer\/Transporteur kann, nach realistischer Zeiteinsch\u00e4tzung, mit der jeweiligen Stundenanzahl in den Warenkorb gepackt werden.<br \/>\nFragen Sie Ihren\u00a0Projekt-Profi nach Erfahrungswerten f\u00fcr den jeweiligen Zeiteinsatz, damit Ihre Zeitkalkulation stimmt.<\/p>\n","protected":false},"excerpt":{"rendered":"<p>Erg\u00e4nzen Sie hier die notwendigen Fahrzeuge \/ Anh\u00e4nger zur<br \/>\nMontage\/Auslieferung und Realisierung Ihres Projektes.<strong><br \/>\nW\u00e4hlen Sie: schwarzes Auswahlfeld anklicken,<\/strong><br \/>\n<strong>Auswahl nach und nach in den Warenkorb packen.<\/strong><\/p>\n","protected":false},"featured_media":13061,"comment_status":"closed","ping_status":"closed","template":"","meta":{"_links_to":"","_links_to_target":""},"product_cat":[567],"product_tag":[],"_links":{"self":[{"href":"https:\/\/pylone24.de\/index.php?rest_route=\/wp\/v2\/product\/13049"}],"collection":[{"href":"https:\/\/pylone24.de\/index.php?rest_route=\/wp\/v2\/product"}],"about":[{"href":"https:\/\/pylone24.de\/index.php?rest_route=\/wp\/v2\/types\/product"}],"replies":[{"embeddable":true,"href":"https:\/\/pylone24.de\/index.php?rest_route=%2Fwp%2Fv2%2Fcomments&post=13049"}],"wp:featuredmedia":[{"embeddable":true,"href":"https:\/\/pylone24.de\/index.php?rest_route=\/wp\/v2\/media\/13061"}],"wp:attachment":[{"href":"https:\/\/pylone24.de\/index.php?rest_route=%2Fwp%2Fv2%2Fmedia&parent=13049"}],"wp:term":[{"taxonomy":"product_cat","embeddable":true,"href":"https:\/\/pylone24.de\/index.php?rest_route=%2Fwp%2Fv2%2Fproduct_cat&post=13049"},{"taxonomy":"product_tag","embeddable":true,"href":"https:\/\/pylone24.de\/index.php?rest_route=%2Fwp%2Fv2%2Fproduct_tag&post=13049"}],"curies":[{"name":"wp","href":"https:\/\/api.w.org\/{rel}","templated":true}]}}